{"id":14551,"date":"2025-03-24T12:16:00","date_gmt":"2025-03-24T11:16:00","guid":{"rendered":"https:\/\/hastan.pl\/?post_type=product&#038;p=14551"},"modified":"2025-11-25T16:24:41","modified_gmt":"2025-11-25T15:24:41","slug":"polar-merino-damski","status":"publish","type":"product","link":"https:\/\/motywkadence.hastan.pl\/en\/product\/polar-merino-damski\/","title":{"rendered":"Polar z we\u0142ny merino damski"},"content":{"rendered":"<p><strong>UWAGA! KOLEKCJA TURBO LIMITOWANA!<\/strong><\/p>\n<p>Polar z certyfikowanej, organicznej we\u0142ny merinos\u00f3w w kolorze czekoladowego br\u0105zu. Najlepsze co mo\u017cesz zrobi\u0107, to zadba\u0107 o siebie w naturalny spos\u00f3b. Zapomnij o polarze z poliestru.<\/p>\n<p><strong>WYJ\u0104TKOWO\u015a\u0106 POLARU MERINO:<\/strong><\/p>\n<p>Po pierwsze &#8211; polar jest ze 100%\u00a0 <span style=\"color: #993366;\">we\u0142ny merino<\/span>, kt\u00f3ra posiada deklaracj\u0119 &#8222;Mulesing free&#8221;, czyli zosta\u0142a pozyskana bez cierpienia owiec, oraz certyfikat GOTS, co oznacza, \u017ce we\u0142na pochodzi od zwierz\u0105t hodowanych w spos\u00f3b etyczny i zr\u00f3wnowa\u017cony, w kontrolowanych gospodarstwach ekologicznych. Pozyskana jest z Ameryki Po\u0142udniowej, co gwarantuje, \u017ce nie pochodzi ona z hodowli mulesingowej. Hodowla owiec, produkcja we\u0142ny i produkcja tkanin s\u0105 certyfikowane zgodnie ze standardami GOTS. <strong>Global\u00a0Organic Textile Standard<\/strong>\u00a0sprawdza ca\u0142y \u0142a\u0144cuch produkcyjny w przetw\u00f3rstwie organicznych w\u0142\u00f3kien naturalnych, aby zagwarantowa\u0107 zgodno\u015b\u0107\u00a0<strong>z najwy\u017cszymi standardami spo\u0142ecznymi i ekologicznymi.<\/strong><\/p>\n<p>Dlaczego merino? To kr\u00f3lowa materia\u0142\u00f3w. Jest naturalna, przyjazna sk\u00f3rze i alergikom, zapewnia termoizolacyjno\u015b\u0107, oddycha i jest antybakteryjna (dzi\u0119ki zawartej w sobie lanolinie), ma zdolno\u015b\u0107 do absorpcji i odparowywania wilgoci. Nie poch\u0142ania zapach\u00f3w, wi\u0119c nie trzeba jej cz\u0119sto pra\u0107, wystarczy jej wietrzenie w wilgotnych pomieszczeniach. Nie pilinguje si\u0119 ani nie wypycha, przyjemnie otula i sprawia, \u017ce czujesz si\u0119 wyj\u0105tkowo. Schnie szybko i jest leciutka. Od polar\u00f3w poliestrowych r\u00f3\u017cni si\u0119 w\u0142a\u015bciwie wszystkim.\u00a0Je\u015bli zadbasz o ni\u0105 prawid\u0142owo &#8211; pos\u0142u\u017cy Ci bardzo d\u0142ugo.<\/p>\n<p><strong>INNE WYJ\u0104TKOWO\u015aCI:<\/strong><\/p>\n<ul>\n<li>Bluza uszyta z najwy\u017csz\u0105 staranno\u015bci\u0105 w \u0142\u00f3dzkiej szwalni<\/li>\n<li>Dopracowany i wygodny kr\u00f3j<\/li>\n<li>Wysoka st\u00f3jka chroni\u0105ca szyj\u0119 i kark przed ch\u0142odem, zapinana na metalowy zamek<\/li>\n<li>Pojemne\u00a0 kieszenie boczne ze 100% bawe\u0142ny<\/li>\n<li>Zapakowane w bawe\u0142niany worek lub bibu\u0142\u0119<\/li>\n<li>Wysy\u0142ane w kartonie z tektury<\/li>\n<\/ul>\n<p><strong>COMPOSITION<\/strong><br \/>\n100% organiczna we\u0142na merino GOTS, mulesing free, gramatura 325g<br \/>\nkieszenie w \u015brodku 100% bawe\u0142na<\/p>\n<p>Jagoda ma na sobie rozmiar XS<\/p>\n<p><strong>WYMIARY BLUZY<\/strong><\/p>\n<p><strong>XS<\/strong><br \/>\nD\u0142ugo\u015b\u0107 ca\u0142kowita 63 cm<br \/>\nD\u0142ugo\u015b\u0107 ramion od barku 54 cm<br \/>\nObw\u00f3d w klatce pod pachami 106 cm<\/p>\n<p><strong>S<\/strong><br \/>\nD\u0142ugo\u015b\u0107 ca\u0142kowita 64 cm<br \/>\nD\u0142ugo\u015b\u0107 ramion od barku 55,5 cm<br \/>\nObw\u00f3d w klatce pod pachami 110 cm<\/p>\n<p><strong>M<\/strong><br \/>\nD\u0142ugo\u015b\u0107 ca\u0142kowita 66 cm<br \/>\nD\u0142ugo\u015b\u0107 ramion od barku 56 cm<br \/>\nObw\u00f3d w klatce pod pachami 114 cm<\/p>\n<p><strong>L<\/strong><br \/>\nD\u0142ugo\u015b\u0107 ca\u0142kowita 68 cm<br \/>\nD\u0142ugo\u015b\u0107 ramion od barku 57,5 cm<br \/>\nObw\u00f3d w klatce pod pachami 116 cm<\/p>\n<p><strong>JAK DBA\u0106:\u00a0<\/strong><br \/>\nPierz w delikatnych detergentach, przeznaczonych do prania we\u0142ny (Sonett), w temperaturze 30 stopni\u00a0 r\u0119cznie, je\u015bli w pralce &#8211; TO NA W\u0141ASNE RYZYKO.\u00a0 Nie susz w suszarce b\u0119bnowej, <strong>susz na p\u0142asko.\u00a0<\/strong>Cz\u0119\u015bciej wietrz, mniej pierz. Naturalna we\u0142na merino mo\u017ce si\u0119 pilingowa\u0107, zalecane jest wtedy oczyszczenie polaru mi\u0119kk\u0105 szczotk\u0105.<\/p>\n<p><strong><span style=\"color: #993366;\">Polar Merino GOTS to nasz manifest naturalno\u015bci, zadbania o siebie i o \u015brodowisko naturalne. To wa\u017cny wyb\u00f3r: nie doprowadzili\u015bmy do wyprodukowania kolejnych kilogram\u00f3w plastiku, kt\u00f3ry przera\u017ca na wysypiskach \u015bmieci i w zdecydowanej wi\u0119kszo\u015bci nigdy nie ulega biodegradacji.\u00a0 W por\u00f3wnaniu z poliestrem, jaki w 90% znajdziecie w bluzach typu polar, nasza we\u0142niana bluza jest biodegradowalna &#8211; w rok po utylizacji nie ma po niej \u015bladu.<\/span><\/strong><\/p>\n<p>&nbsp;<\/p>\n<p>&nbsp;<\/p>\n<p>&nbsp;<\/p>\n<p>&nbsp;<\/p>","protected":false},"excerpt":{"rendered":"<p><strong>Polar merino wykonany ze 100% certyfikowanej i organicznej we\u0142ny merino. Uszyty w Polsce.<\/strong><\/p>\n<p>&nbsp;<\/p>","protected":false},"featured_media":14559,"comment_status":"open","ping_status":"closed","template":"","meta":{"_kadence_starter_templates_imported_post":false,"_kad_post_transparent":"","_kad_post_title":"","_kad_post_layout":"","_kad_post_sidebar_id":"","_kad_post_content_style":"","_kad_post_vertical_padding":"","_kad_post_feature":"","_kad_post_feature_position":"","_kad_post_header":false,"_kad_post_footer":false},"product_brand":[],"product_cat":[375,308,82,373,309,374,164],"product_tag":[],"class_list":{"0":"post-14551","1":"product","2":"type-product","3":"status-publish","4":"has-post-thumbnail","6":"product_cat-gora-wspinanie-ona","7":"product_cat-merino","8":"product_cat-nowosci","9":"product_cat-ona","10":"product_cat-merino-damskie","11":"product_cat-wspinanie-ona","12":"product_cat-damskie-nowosci","13":"pa_rozmiar-l","14":"pa_rozmiar-m","15":"pa_rozmiar-s","16":"pa_rozmiar-xs","18":"first","19":"instock","20":"taxable","21":"shipping-taxable","22":"purchasable","23":"product-type-variable","24":"entry","25":"content-bg","26":"loop-entry"},"jetpack_sharing_enabled":true,"_links":{"self":[{"href":"https:\/\/motywkadence.hastan.pl\/en\/wp-json\/wp\/v2\/product\/14551","targetHints":{"allow":["GET"]}}],"collection":[{"href":"https:\/\/motywkadence.hastan.pl\/en\/wp-json\/wp\/v2\/product"}],"about":[{"href":"https:\/\/motywkadence.hastan.pl\/en\/wp-json\/wp\/v2\/types\/product"}],"replies":[{"embeddable":true,"href":"https:\/\/motywkadence.hastan.pl\/en\/wp-json\/wp\/v2\/comments?post=14551"}],"wp:featuredmedia":[{"embeddable":true,"href":"https:\/\/motywkadence.hastan.pl\/en\/wp-json\/wp\/v2\/media\/14559"}],"wp:attachment":[{"href":"https:\/\/motywkadence.hastan.pl\/en\/wp-json\/wp\/v2\/media?parent=14551"}],"wp:term":[{"taxonomy":"product_brand","embeddable":true,"href":"https:\/\/motywkadence.hastan.pl\/en\/wp-json\/wp\/v2\/product_brand?post=14551"},{"taxonomy":"product_cat","embeddable":true,"href":"https:\/\/motywkadence.hastan.pl\/en\/wp-json\/wp\/v2\/product_cat?post=14551"},{"taxonomy":"product_tag","embeddable":true,"href":"https:\/\/motywkadence.hastan.pl\/en\/wp-json\/wp\/v2\/product_tag?post=14551"}],"curies":[{"name":"wp","href":"https:\/\/api.w.org\/{rel}","templated":true}]}}

Polar z wełny merino damski

<p><strong>UWAGA! KOLEKCJA TURBO LIMITOWANA!</strong></p>
<p>Polar z certyfikowanej, organicznej wełny merinosów w kolorze czekoladowego brązu. Najlepsze co możesz zrobić, to zadbać o siebie w naturalny sposób. Zapomnij o polarze z poliestru.</p>
<p><strong>WYJĄTKOWOŚĆ POLARU MERINO:</strong></p>
<p>Po pierwsze &#8211; polar jest ze 100%  <span style="color: #993366;">wełny merino</span>, która posiada deklarację &#8222;Mulesing free&#8221;, czyli została pozyskana bez cierpienia owiec, oraz certyfikat GOTS, co oznacza, że wełna pochodzi od zwierząt hodowanych w sposób etyczny i zrównoważony, w kontrolowanych gospodarstwach ekologicznych. Pozyskana jest z Ameryki Południowej, co gwarantuje, że nie pochodzi ona z hodowli mulesingowej. Hodowla owiec, produkcja wełny i produkcja tkanin są certyfikowane zgodnie ze standardami GOTS. <strong>Global Organic Textile Standard</strong> sprawdza cały łańcuch produkcyjny w przetwórstwie organicznych włókien naturalnych, aby zagwarantować zgodność <strong>z najwyższymi standardami społecznymi i ekologicznymi.</strong></p>
<p>Dlaczego merino? To królowa materiałów. Jest naturalna, przyjazna skórze i alergikom, zapewnia termoizolacyjność, oddycha i jest antybakteryjna (dzięki zawartej w sobie lanolinie), ma zdolność do absorpcji i odparowywania wilgoci. Nie pochłania zapachów, więc nie trzeba jej często prać, wystarczy jej wietrzenie w wilgotnych pomieszczeniach. Nie pilinguje się ani nie wypycha, przyjemnie otula i sprawia, że czujesz się wyjątkowo. Schnie szybko i jest leciutka. Od polarów poliestrowych różni się właściwie wszystkim. Jeśli zadbasz o nią prawidłowo &#8211; posłuży Ci bardzo długo.</p>
<p><strong>INNE WYJĄTKOWOŚCI:</strong></p>
<ul>
<li>Bluza uszyta z najwyższą starannością w łódzkiej szwalni</li>
<li>Dopracowany i wygodny krój</li>
<li>Wysoka stójka chroniąca szyję i kark przed chłodem, zapinana na metalowy zamek</li>
<li>Pojemne  kieszenie boczne ze 100% bawełny</li>
<li>Zapakowane w bawełniany worek lub bibułę</li>
<li>Wysyłane w kartonie z tektury</li>
</ul>
<p><strong>COMPOSITION</strong><br />
100% organiczna wełna merino GOTS, mulesing free, gramatura 325g<br />
kieszenie w środku 100% bawełna</p>
<p>Jagoda ma na sobie rozmiar XS</p>
<p><strong>WYMIARY BLUZY</strong></p>
<p><strong>XS</strong><br />
Długość całkowita 63 cm<br />
Długość ramion od barku 54 cm<br />
Obwód w klatce pod pachami 106 cm</p>
<p><strong>S</strong><br />
Długość całkowita 64 cm<br />
Długość ramion od barku 55,5 cm<br />
Obwód w klatce pod pachami 110 cm</p>
<p><strong>M</strong><br />
Długość całkowita 66 cm<br />
Długość ramion od barku 56 cm<br />
Obwód w klatce pod pachami 114 cm</p>
<p><strong>L</strong><br />
Długość całkowita 68 cm<br />
Długość ramion od barku 57,5 cm<br />
Obwód w klatce pod pachami 116 cm</p>
<p><strong>JAK DBAĆ: </strong><br />
Pierz w delikatnych detergentach, przeznaczonych do prania wełny (Sonett), w temperaturze 30 stopni  ręcznie, jeśli w pralce &#8211; TO NA WŁASNE RYZYKO.  Nie susz w suszarce bębnowej, <strong>susz na płasko. </strong>Częściej wietrz, mniej pierz. Naturalna wełna merino może się pilingować, zalecane jest wtedy oczyszczenie polaru miękką szczotką.</p>
<p><strong><span style="color: #993366;">Polar Merino GOTS to nasz manifest naturalności, zadbania o siebie i o środowisko naturalne. To ważny wybór: nie doprowadziliśmy do wyprodukowania kolejnych kilogramów plastiku, który przeraża na wysypiskach śmieci i w zdecydowanej większości nigdy nie ulega biodegradacji.  W porównaniu z poliestrem, jaki w 90% znajdziecie w bluzach typu polar, nasza wełniana bluza jest biodegradowalna &#8211; w rok po utylizacji nie ma po niej śladu.</span></strong></p>
<p>&nbsp;</p>
<p>&nbsp;</p>
<p>&nbsp;</p>
<p>&nbsp;</p>

<p><strong>Polar merino wykonany ze 100% certyfikowanej i organicznej wełny merino. Uszyty w Polsce.</strong></p>
<p>&nbsp;</p>
